{"id":247,"date":"2025-06-21T08:43:40","date_gmt":"2025-06-21T08:43:40","guid":{"rendered":"https:\/\/1984e.com\/?page_id=247"},"modified":"2025-06-24T11:16:37","modified_gmt":"2025-06-24T11:16:37","slug":"cart-2","status":"publish","type":"page","link":"https:\/\/1984e.com\/?page_id=247","title":{"rendered":"Cart"},"content":{"rendered":"\n<div data-block-name=\"woocommerce\/cart\" class=\"wp-block-woocommerce-cart alignwide is-loading\">\n<div data-block-name=\"woocommerce\/filled-cart-block\" class=\"wp-block-woocommerce-filled-cart-block\">\n<div data-block-name=\"woocommerce\/cart-items-block\" class=\"wp-block-woocommerce-cart-items-block\">\n<div data-block-name=\"woocommerce\/cart-line-items-block\" class=\"wp-block-woocommerce-cart-line-items-block\"><\/div>\n\n\n\n<div data-block-name=\"woocommerce\/cart-cross-sells-block\" class=\"wp-block-woocommerce-cart-cross-sells-block\">\n<h2 class=\"wp-block-heading has-large-font-size\">You may be interested in\u2026<\/h2>\n\n\n\n<div data-block-name=\"woocommerce\/cart-cross-sells-products-block\" class=\"wp-block-woocommerce-cart-cross-sells-products-block\"><\/div>\n<\/div>\n<\/div>\n\n\n\n<div data-block-name=\"woocommerce\/cart-totals-block\" class=\"wp-block-woocommerce-cart-totals-block\">\n<div data-block-name=\"woocommerce\/cart-order-summary-block\" class=\"wp-block-woocommerce-cart-order-summary-block\">\n<div data-block-name=\"woocommerce\/cart-order-summary-heading-block\" class=\"wp-block-woocommerce-cart-order-summary-heading-block\"><\/div><div data-block-name=\"woocommerce\/cart-order-summary-coupon-form-block\" class=\"wp-block-woocommerce-cart-order-summary-coupon-form-block\"><\/div><div data-block-name=\"woocommerce\/cart-order-summary-totals-block\" class=\"wp-block-woocommerce-cart-order-summary-totals-block\">\n<div data-block-name=\"woocommerce\/cart-order-summary-subtotal-block\" class=\"wp-block-woocommerce-cart-order-summary-subtotal-block\"><\/div>\n<div data-block-name=\"woocommerce\/cart-order-summary-discount-block\" class=\"wp-block-woocommerce-cart-order-summary-discount-block\"><\/div>\n<div data-block-name=\"woocommerce\/cart-order-summary-fee-block\" class=\"wp-block-woocommerce-cart-order-summary-fee-block\"><\/div>\n<div data-block-name=\"woocommerce\/cart-order-summary-shipping-block\" class=\"wp-block-woocommerce-cart-order-summary-shipping-block\"><\/div>\n<div data-block-name=\"woocommerce\/cart-order-summary-taxes-block\" class=\"wp-block-woocommerce-cart-order-summary-taxes-block\"><\/div><\/div>\n<\/div>\n\n\n\n<div data-block-name=\"woocommerce\/cart-express-payment-block\" class=\"wp-block-woocommerce-cart-express-payment-block\"><\/div>\n\n\n\n<div data-block-name=\"woocommerce\/proceed-to-checkout-block\" class=\"wp-block-woocommerce-proceed-to-checkout-block\"><\/div>\n\n\n\n<div data-block-name=\"woocommerce\/cart-accepted-payment-methods-block\" class=\"wp-block-woocommerce-cart-accepted-payment-methods-block\"><\/div>\n<\/div>\n<\/div>\n\n\n\n<div data-block-name=\"woocommerce\/empty-cart-block\" class=\"wp-block-woocommerce-empty-cart-block\">\n<h2 class=\"wp-block-heading has-text-align-center with-empty-cart-icon wc-block-cart__empty-cart__title\">Your cart is currently empty!<\/h2>\n\n\n\n<hr class=\"wp-block-separator has-alpha-channel-opacity is-style-dots\"\/>\n\n\n\n<h2 class=\"wp-block-heading has-text-align-center\">New in store<\/h2>\n\n\n<div data-block-name=\"woocommerce\/product-new\" data-columns=\"4\" data-rows=\"1\" class=\"wc-block-grid wp-block-product-new wp-block-woocommerce-product-new wc-block-product-new has-4-columns\"><ul class=\"wc-block-grid__products\"><li class=\"wc-block-grid__product\">\n\t\t\t\t<a href=\"https:\/\/1984e.com\/?product=mieng-dan-man-hinh-cuong-luc-cho-may-anh-nikon-d7100-d7200-d810-d750-d610-d600-d850\" class=\"wc-block-grid__product-link\">\n\t\t\t\t\t<div class=\"wc-block-grid__product-onsale\">\n\t\t\t<span aria-hidden=\"true\">Khuy\u1ebfn m\u1ea1i<\/span>\n\t\t\t<span class=\"screen-reader-text\">S\u1ea3n ph\u1ea9m \u0111ang gi\u1ea3m gi\u00e1<\/span>\n\t\t<\/div>\n\t\t\t\t\t<div class=\"wc-block-grid__product-image\"><img loading=\"lazy\" decoding=\"async\" width=\"300\" height=\"300\" src=\"https:\/\/1984e.com\/wp-content\/uploads\/2025\/06\/vn-11134207-7ras8-mb58h0bqu1ugd3-300x300.jpg\" class=\"attachment-woocommerce_thumbnail size-woocommerce_thumbnail\" alt=\"Mi\u1ebfng d\u00e1n m\u00e0n h\u00ecnh c\u01b0\u1eddng l\u1ef1c cho m\u00e1y \u1ea3nh Nikon D7100 D7200 D810 D750 D610 D600 D850\" srcset=\"https:\/\/1984e.com\/wp-content\/uploads\/2025\/06\/vn-11134207-7ras8-mb58h0bqu1ugd3-300x300.jpg 300w, https:\/\/1984e.com\/wp-content\/uploads\/2025\/06\/vn-11134207-7ras8-mb58h0bqu1ugd3-150x150.jpg 150w, https:\/\/1984e.com\/wp-content\/uploads\/2025\/06\/vn-11134207-7ras8-mb58h0bqu1ugd3-768x768.jpg 768w, https:\/\/1984e.com\/wp-content\/uploads\/2025\/06\/vn-11134207-7ras8-mb58h0bqu1ugd3-512x512.jpg 512w, https:\/\/1984e.com\/wp-content\/uploads\/2025\/06\/vn-11134207-7ras8-mb58h0bqu1ugd3-420x420.jpg 420w, https:\/\/1984e.com\/wp-content\/uploads\/2025\/06\/vn-11134207-7ras8-mb58h0bqu1ugd3-75x75.jpg 75w, https:\/\/1984e.com\/wp-content\/uploads\/2025\/06\/vn-11134207-7ras8-mb58h0bqu1ugd3-600x600.jpg 600w, https:\/\/1984e.com\/wp-content\/uploads\/2025\/06\/vn-11134207-7ras8-mb58h0bqu1ugd3-100x100.jpg 100w, https:\/\/1984e.com\/wp-content\/uploads\/2025\/06\/vn-11134207-7ras8-mb58h0bqu1ugd3.jpg 1024w\" sizes=\"auto, (max-width: 300px) 100vw, 300px\" \/><\/div>\n\t\t\t\t\t<div class=\"wc-block-grid__product-title\">Mi\u1ebfng d\u00e1n m\u00e0n h\u00ecnh c\u01b0\u1eddng l\u1ef1c cho m\u00e1y \u1ea3nh Nikon D7100 D7200 D810 D750 D610 D600 D850<\/div>\n\t\t\t\t<\/a>\n\t\t\t\t<div class=\"wc-block-grid__product-price price\"><del aria-hidden=\"true\"><span class=\"woocommerce-Price-amount amount\">69.000&nbsp;<span class=\"woocommerce-Price-currencySymbol\">&#8363;<\/span><\/span><\/del> <span class=\"screen-reader-text\">Gi\u00e1 g\u1ed1c l\u00e0: 69.000&nbsp;&#8363;.<\/span><ins aria-hidden=\"true\"><span class=\"woocommerce-Price-amount amount\">59.000&nbsp;<span class=\"woocommerce-Price-currencySymbol\">&#8363;<\/span><\/span><\/ins><span class=\"screen-reader-text\">Gi\u00e1 hi\u1ec7n t\u1ea1i l\u00e0: 59.000&nbsp;&#8363;.<\/span><\/div>\n\t\t\t\t\n\t\t\t\t<div class=\"wp-block-button wc-block-grid__product-add-to-cart\"><a href=\"?add-to-cart=303\" aria-label=\"Th\u00eam v\u00e0o gi\u1ecf h\u00e0ng: &ldquo;Mi\u1ebfng d\u00e1n m\u00e0n h\u00ecnh c\u01b0\u1eddng l\u1ef1c cho m\u00e1y \u1ea3nh Nikon D7100 D7200 D810 D750 D610 D600 D850&rdquo;\" data-quantity=\"1\" data-product_id=\"303\" data-product_sku=\"\" data-price=\"59000\" rel=\"nofollow\" class=\"wp-block-button__link  add_to_cart_button ajax_add_to_cart\">Th\u00eam v\u00e0o gi\u1ecf h\u00e0ng<\/a><\/div>\n\t\t\t<\/li><li class=\"wc-block-grid__product\">\n\t\t\t\t<a href=\"https:\/\/1984e.com\/?product=sac-cho-pin-canon-bp-511a-cb-5l-cho-canon-30d-40d-50d-5d\" class=\"wc-block-grid__product-link\">\n\t\t\t\t\t<div class=\"wc-block-grid__product-onsale\">\n\t\t\t<span aria-hidden=\"true\">Khuy\u1ebfn m\u1ea1i<\/span>\n\t\t\t<span class=\"screen-reader-text\">S\u1ea3n ph\u1ea9m \u0111ang gi\u1ea3m gi\u00e1<\/span>\n\t\t<\/div>\n\t\t\t\t\t<div class=\"wc-block-grid__product-image\"><img loading=\"lazy\" decoding=\"async\" width=\"300\" height=\"300\" src=\"https:\/\/1984e.com\/wp-content\/uploads\/2025\/06\/42c74836a1fdd1f3b6b0866c9081d810-300x300.jpg\" class=\"attachment-woocommerce_thumbnail size-woocommerce_thumbnail\" alt=\"S\u1ea1c cho pin canon BP-511A \u2013 CB 5L cho Canon 30D, 40D, 50D , 5D\" srcset=\"https:\/\/1984e.com\/wp-content\/uploads\/2025\/06\/42c74836a1fdd1f3b6b0866c9081d810-300x300.jpg 300w, https:\/\/1984e.com\/wp-content\/uploads\/2025\/06\/42c74836a1fdd1f3b6b0866c9081d810-150x150.jpg 150w, https:\/\/1984e.com\/wp-content\/uploads\/2025\/06\/42c74836a1fdd1f3b6b0866c9081d810-768x768.jpg 768w, https:\/\/1984e.com\/wp-content\/uploads\/2025\/06\/42c74836a1fdd1f3b6b0866c9081d810-512x512.jpg 512w, https:\/\/1984e.com\/wp-content\/uploads\/2025\/06\/42c74836a1fdd1f3b6b0866c9081d810-420x420.jpg 420w, https:\/\/1984e.com\/wp-content\/uploads\/2025\/06\/42c74836a1fdd1f3b6b0866c9081d810-75x75.jpg 75w, https:\/\/1984e.com\/wp-content\/uploads\/2025\/06\/42c74836a1fdd1f3b6b0866c9081d810-600x600.jpg 600w, https:\/\/1984e.com\/wp-content\/uploads\/2025\/06\/42c74836a1fdd1f3b6b0866c9081d810-100x100.jpg 100w, https:\/\/1984e.com\/wp-content\/uploads\/2025\/06\/42c74836a1fdd1f3b6b0866c9081d810.jpg 1024w\" sizes=\"auto, (max-width: 300px) 100vw, 300px\" \/><\/div>\n\t\t\t\t\t<div class=\"wc-block-grid__product-title\">S\u1ea1c cho pin canon BP-511A \u2013 CB 5L cho Canon 30D, 40D, 50D , 5D<\/div>\n\t\t\t\t<\/a>\n\t\t\t\t<div class=\"wc-block-grid__product-price price\"><del aria-hidden=\"true\"><span class=\"woocommerce-Price-amount amount\">199.000&nbsp;<span class=\"woocommerce-Price-currencySymbol\">&#8363;<\/span><\/span><\/del> <span class=\"screen-reader-text\">Gi\u00e1 g\u1ed1c l\u00e0: 199.000&nbsp;&#8363;.<\/span><ins aria-hidden=\"true\"><span class=\"woocommerce-Price-amount amount\">189.000&nbsp;<span class=\"woocommerce-Price-currencySymbol\">&#8363;<\/span><\/span><\/ins><span class=\"screen-reader-text\">Gi\u00e1 hi\u1ec7n t\u1ea1i l\u00e0: 189.000&nbsp;&#8363;.<\/span><\/div>\n\t\t\t\t\n\t\t\t\t<div class=\"wp-block-button wc-block-grid__product-add-to-cart\"><a href=\"?add-to-cart=300\" aria-label=\"Th\u00eam v\u00e0o gi\u1ecf h\u00e0ng: &ldquo;S\u1ea1c cho pin canon BP-511A \u2013 CB 5L cho Canon 30D, 40D, 50D , 5D&rdquo;\" data-quantity=\"1\" data-product_id=\"300\" data-product_sku=\"\" data-price=\"189000\" rel=\"nofollow\" class=\"wp-block-button__link  add_to_cart_button ajax_add_to_cart\">Th\u00eam v\u00e0o gi\u1ecf h\u00e0ng<\/a><\/div>\n\t\t\t<\/li><\/ul><\/div><\/div>\n<\/div>\n","protected":false},"excerpt":{"rendered":"","protected":false},"author":1,"featured_media":0,"parent":0,"menu_order":0,"comment_status":"closed","ping_status":"closed","template":"","meta":{"footnotes":""},"class_list":["post-247","page","type-page","status-publish","hentry"],"jetpack_sharing_enabled":true,"_links":{"self":[{"href":"https:\/\/1984e.com\/index.php?rest_route=\/wp\/v2\/pages\/247","targetHints":{"allow":["GET"]}}],"collection":[{"href":"https:\/\/1984e.com\/index.php?rest_route=\/wp\/v2\/pages"}],"about":[{"href":"https:\/\/1984e.com\/index.php?rest_route=\/wp\/v2\/types\/page"}],"author":[{"embeddable":true,"href":"https:\/\/1984e.com\/index.php?rest_route=\/wp\/v2\/users\/1"}],"replies":[{"embeddable":true,"href":"https:\/\/1984e.com\/index.php?rest_route=%2Fwp%2Fv2%2Fcomments&post=247"}],"version-history":[{"count":1,"href":"https:\/\/1984e.com\/index.php?rest_route=\/wp\/v2\/pages\/247\/revisions"}],"predecessor-version":[{"id":305,"href":"https:\/\/1984e.com\/index.php?rest_route=\/wp\/v2\/pages\/247\/revisions\/305"}],"wp:attachment":[{"href":"https:\/\/1984e.com\/index.php?rest_route=%2Fwp%2Fv2%2Fmedia&parent=247"}],"curies":[{"name":"wp","href":"https:\/\/api.w.org\/{rel}","templated":true}]}}